igit of 1818056586?
8
What is the units digit of 3360776?
6
What is the thousands digit of 108002784?
2
What is the thousands digit of 93745745?
5
What is the hundred thousands digit of 93832658?
8
What is the hundred millions digit of 597441482?
5
What is the ten thousands digit of 40267780?
6
What is the thousands digit of 55896601?
6
What is the millions digit of 88661891?
8
What is the hundreds digit of 20702409?
4
What is the millions digit of 6054530420?
4
What is the tens digit of 6380303470?
7
What is the tens digit of 77325115?
1
What is the ten millions digit of 180051699?
8
What is the tens digit of 1945165932?
3
What is the millions digit of 181531130?
1
What is the tens digit of 86260730?
3
What is the hundreds digit of 223871514?
5
What is the units digit of 91726556?
6
What is the hundred millions digit of 934189085?
9
What is the hundred thousands digit of 59923382?
9
What is the thousands digit of 2168553599?
3
What is the hundreds digit of 186955232?
2
What is the hundred thousands digit of 90590563?
5
What is the hundreds digit of 12003627?
6
What is the tens digit of 4386451444?
4
What is the tens digit of 191203912?
1
What is the units digit of 108543861?
1
What is the thousands digit of 616775679?
5
What is the ten thousands digit of 756307578?
0
What is the hundreds digit of 140524472?
4
What is the tens digit of 388147526?
2
What is the millions digit of 71788146?
1
What is the hundred thousands digit of 79722716?
7
What is the ten millions digit of 26803075?
2
What is the millions digit of 88105420?
8
What is the millions digit of 2026147?
2
What is the thousands digit of 15480473?
0
What is the hundred thousands digit of 38012315?
0
What is the ten thousands digit of 6008304422?
0
What is the ten thousands digit of 97248130?
4
What is the ten thousands digit of 86118851?
1
What is the hundred thousands digit of 71181370?
1
What is the thousands digit of 51243186?
3
What is the millions digit of 359216289?
9
What is the hundred thousands digit of 24056977?
0
What is the ten millions digit of 128837476?
2
What is the hundred thousands digit of 222784757?
7
What is the billions digit of 2000642619?
2
What is the units digit of 39883080?
0
What is the ten thousands digit of 20903321?
0
What is the hundreds digit of 8062818204?
2
What is the tens digit of 51835486?
8
What is the millions digit of 31506683?
1
What is the thousands digit of 92201006?
1
What is the ten thousands digit of 43436140?
3
What is the hundreds digit of 74923136?
1
What is the thousands digit of 3347462627?
2
What is the units digit of 752625860?
0
What is the hundred thousands digit of 73777903?
7
What is the units digit of 42096140?
0
What is the millions digit of 40063128?
0
What is the thousands digit of 1320399984?
9
What is the ten thousands digit of 183717536?
1
What is the millions digit of 246844916?
6
What is the hundred millions digit of 600546313?
6
What is the ten millions digit of 6034524952?
3
What is the hundred millions digit of 476687503?
4
What is the ten millions digit of 85429489?
8
What is the tens digit of 63478?
7
What is the millions digit of 38338575?
8
What is the hundred thousands digit of 43771337?
7
What is the hundred thousands digit of 203717487?
7
What is the tens digit of 2030539975?
7
What is the ten millions digit of 26563773?
2
What is the hundred thousands digit of 51594591?
5
What is the hundred thousands digit of 10166342?
1
What is the ten thousands digit of 1025424713?
2
What is the ten thousands digit of 442028078?
2
What is the ten millions digit of 365861124?
6
What is the ten thousands digit of 2021634896?
3
What is the ten thousands digit of 37941622?
4
What is the hundred millions digit of 1753079651?
7
What is the millions digit of 420914939?
0
What is the hundreds digit of 733910090?
0
What is the tens digit of 1792515179?
7
What is the tens digit of 6273520011?
1
What is the ten thousands digit of 406737723?
3
What is the ten millions digit of 78931278?
7
What is the thousands digit of 90766876?
6
What is the ten thousands digit of 40155523?
5
What is the hundreds digit of 19071540?
5
What is the ten thousands digit of 82162600?
6
What is the hundreds digit of 46727740?
7
What is the units digit of 131525771?
1
What is the hundreds digit of 49633794?
7
What is the billions digit of 1478621094?
1
What is the ten thousands digit of 48570146?
7
What is the tens digit of 5091082433?
3
What is the hundreds digit of 300086062?
0
What is the thousands digit of 742336182?
6
What is the hundred millions digit of 113841514?
1
What is the tens digit of 93293671?
7
What is the tens digit of 21604332?
3
What is the hundred thousands digit of 101896768?
8
What is the ten millions digit of 85019506?
8
What is the tens digit of 7954625?
2
What is the tens digit of 147274200?
0
What is the units digit of 1826546704?
4
What is the hundred thousands digit of 21432496?
4
What is the millions digit of 1240426988?
0
What is the hundred thousands digit of 206927348?
9
What is the ten thousands digit of 696606977?
0
What is the units digit of 3266510127?
7
What is the tens digit of 20978222?
2
What is the tens digit of 28364543?
4
What is the hundred thousands digit of 2542998564?
9
What is the hundreds digit of 12315594?
5
What is the ten thousands digit of 569906885?
0
What is the units digit of 233463639?
9
What is the tens digit of 5298599224?
2
What is the tens digit of 778827273?
7
What is the ten thousands digit of 238317709?
1
What is the tens digit of 189187894?
9
What is the units digit of 52169337?
7
What is the ten thousands digit of 14258793?
5
What is the ten millions digit of 301211685?
0
What is the millions digit of 26674401?
6
What is the hundreds digit of 4387903046?
0
What is the ten thousands digit of 18643325?
4
What is the thousands digit of 5693061960?
1
What is the hundred thousands digit of 32658454?
6
What is the ten thousands digit of 50788914?
8
What is the millions digit of 125457332?
5
What is the tens digit of 4533471989?
8
What is the hundreds digit of 35218571?
5
What is the hundreds digit of 60418605?
6
What is the tens digit of 477402429?
2
What is the hundred thousands digit of 664894456?
8
What is the thousands digit of 4860500227?
0
What is the thousands digit of 1153386469?
6
What is the hundreds digit of 158113427?
4
What is the billions digit of 1687793864?
1
What is the millions digit of 136595127?
6
What is the ten thousands digit of 273443535?
4
What is the billions digit of 1591736210?
1
What is the units digit of 436676628?
8
What is the hundred millions digit of 1518519128?
5
What is the hundred millions digit of 372039310?
3
What is the tens digit of 114843369?
6
What is the units digit of 1737288487?
7
What is the millions digit of 66327487?
6
What is the billions digit of 4709782712?
4
What is the thousands digit of 641287642?
7
What is the ten thousands digit of 2312845865?
4
What is the units digit of 71450514?
4
What is the ten millions digit of 7809842843?
0
What is the ten thousands digit of 232123984?
2
What is the hundred millions digit of 6520020051?
5
What is the billions digit of 2039204234?
2
What is the millions digit of 4916022?
4
What is the tens digit of 20589198?
9
What is the hundred thousands digit of 37514477?
5
What is the hundred thousands digit of 226656306?
6
What is the units digit of 142342411?
1
What is the tens digit of 153474506?
0
What is the hundred millions digit of 735375463?
7
What is the units digit of 1211604857?
7
What is the ten thousands digit of 144135862?
3
What is the ten thousands digit of 12302227?
0
What is the units digit of 133818018?
8
What is the units digit of 1080735090?
0
What is the units digit of 377471694?
4
What is the tens digit of 146298847?
4
What is the tens digit of 852337941?
4
What is the ten thousands digit of 307743309?
4
What is the tens digit of 944546275?
7
What is the tens digit of 1181990247?
4
What is the thousands digit of 265081032?
1
What is the tens digit of 46721007?
0
What is the hundred thousands digit of 76746042?
7
What is the ten thousands digit of 4817189082?
8
What is the thousands digit of 362203001?
3
What is the thousands digit of 609603708?
3
What is the hundred thousands digit of 201